{"id":31,"date":"2023-07-05T12:24:14","date_gmt":"2023-07-05T10:24:14","guid":{"rendered":"https:\/\/farmer-avenue.com\/?page_id=31"},"modified":"2025-01-13T19:23:18","modified_gmt":"2025-01-13T18:23:18","slug":"materiel-viticole","status":"publish","type":"page","link":"https:\/\/farmer-avenue.com\/?page_id=31","title":{"rendered":"MAT\u00c9RIEL VITICOLE"},"content":{"rendered":"\t\t<div data-elementor-type=\"wp-page\" data-elementor-id=\"31\" class=\"elementor elementor-31\">\n\t\t\t\t\t\t<section class=\"elementor-section elementor-top-section elementor-element elementor-element-776e090 elementor-section-boxed elementor-section-height-default elementor-section-height-default\" data-id=\"776e090\" data-element_type=\"section\">\n\t\t\t\t\t\t<div class=\"elementor-container elementor-column-gap-default\">\n\t\t\t\t\t<div class=\"elementor-column elementor-col-100 elementor-top-column elementor-element elementor-element-e813e6f\" data-id=\"e813e6f\" data-element_type=\"column\">\n\t\t\t<div class=\"elementor-widget-wrap elementor-element-populated\">\n\t\t\t\t\t\t<div class=\"elementor-element elementor-element-e1d97d6 elementor-widget elementor-widget-spacer\" data-id=\"e1d97d6\" data-element_type=\"widget\" data-widget_type=\"spacer.default\">\n\t\t\t\t<div class=\"elementor-widget-container\">\n\t\t\t<style>\/*! elementor - v3.23.0 - 05-08-2024 *\/\n.elementor-column .elementor-spacer-inner{height:var(--spacer-size)}.e-con{--container-widget-width:100%}.e-con-inner>.elementor-widget-spacer,.e-con>.elementor-widget-spacer{width:var(--container-widget-width,var(--spacer-size));--align-self:var(--container-widget-align-self,initial);--flex-shrink:0}.e-con-inner>.elementor-widget-spacer>.elementor-widget-container,.e-con>.elementor-widget-spacer>.elementor-widget-container{height:100%;width:100%}.e-con-inner>.elementor-widget-spacer>.elementor-widget-container>.elementor-spacer,.e-con>.elementor-widget-spacer>.elementor-widget-container>.elementor-spacer{height:100%}.e-con-inner>.elementor-widget-spacer>.elementor-widget-container>.elementor-spacer>.elementor-spacer-inner,.e-con>.elementor-widget-spacer>.elementor-widget-container>.elementor-spacer>.elementor-spacer-inner{height:var(--container-widget-height,var(--spacer-size))}.e-con-inner>.elementor-widget-spacer.elementor-widget-empty,.e-con>.elementor-widget-spacer.elementor-widget-empty{position:relative;min-height:22px;min-width:22px}.e-con-inner>.elementor-widget-spacer.elementor-widget-empty .elementor-widget-empty-icon,.e-con>.elementor-widget-spacer.elementor-widget-empty .elementor-widget-empty-icon{position:absolute;top:0;bottom:0;left:0;right:0;margin:auto;padding:0;width:22px;height:22px}<\/style>\t\t<div class=\"elementor-spacer\">\n\t\t\t<div class=\"elementor-spacer-inner\"><\/div>\n\t\t<\/div>\n\t\t\t\t<\/div>\n\t\t\t\t<\/div>\n\t\t\t\t\t<\/div>\n\t\t<\/div>\n\t\t\t\t\t<\/div>\n\t\t<\/section>\n\t\t\t\t<section class=\"elementor-section elementor-top-section elementor-element elementor-element-74b9fb2 elementor-section-boxed elementor-section-height-default elementor-section-height-default\" data-id=\"74b9fb2\" data-element_type=\"section\">\n\t\t\t\t\t\t<div class=\"elementor-container elementor-column-gap-default\">\n\t\t\t\t\t<div class=\"elementor-column elementor-col-100 elementor-top-column elementor-element elementor-element-4982271\" data-id=\"4982271\" data-element_type=\"column\">\n\t\t\t<div class=\"elementor-widget-wrap elementor-element-populated\">\n\t\t\t\t\t\t<div class=\"elementor-element elementor-element-e5c2bd2 elementor-widget elementor-widget-heading\" data-id=\"e5c2bd2\" data-element_type=\"widget\" data-widget_type=\"heading.default\">\n\t\t\t\t<div class=\"elementor-widget-container\">\n\t\t\t<style>\/*! elementor - v3.23.0 - 05-08-2024 *\/\n.elementor-heading-title{padding:0;margin:0;line-height:1}.elementor-widget-heading .elementor-heading-title[class*=elementor-size-]>a{color:inherit;font-size:inherit;line-height:inherit}.elementor-widget-heading .elementor-heading-title.elementor-size-small{font-size:15px}.elementor-widget-heading .elementor-heading-title.elementor-size-medium{font-size:19px}.elementor-widget-heading .elementor-heading-title.elementor-size-large{font-size:29px}.elementor-widget-heading .elementor-heading-title.elementor-size-xl{font-size:39px}.elementor-widget-heading .elementor-heading-title.elementor-size-xxl{font-size:59px}<\/style><h2 class=\"elementor-heading-title elementor-size-default\">MAT\u00c9RIEL VITICOLE<\/h2>\t\t<\/div>\n\t\t\t\t<\/div>\n\t\t\t\t\t<\/div>\n\t\t<\/div>\n\t\t\t\t\t<\/div>\n\t\t<\/section>\n\t\t\t\t<section class=\"elementor-section elementor-top-section elementor-element elementor-element-7162803 elementor-section-boxed elementor-section-height-default elementor-section-height-default\" data-id=\"7162803\" data-element_type=\"section\">\n\t\t\t\t\t\t<div class=\"elementor-container elementor-column-gap-default\">\n\t\t\t\t\t<div class=\"elementor-column elementor-col-100 elementor-top-column elementor-element elementor-element-e0e625f\" data-id=\"e0e625f\" data-element_type=\"column\">\n\t\t\t<div class=\"elementor-widget-wrap elementor-element-populated\">\n\t\t\t\t\t\t<div class=\"elementor-element elementor-element-7106d24 elementor-widget elementor-widget-spacer\" data-id=\"7106d24\" data-element_type=\"widget\" data-widget_type=\"spacer.default\">\n\t\t\t\t<div class=\"elementor-widget-container\">\n\t\t\t\t\t<div class=\"elementor-spacer\">\n\t\t\t<div class=\"elementor-spacer-inner\"><\/div>\n\t\t<\/div>\n\t\t\t\t<\/div>\n\t\t\t\t<\/div>\n\t\t\t\t\t<\/div>\n\t\t<\/div>\n\t\t\t\t\t<\/div>\n\t\t<\/section>\n\t\t\t\t<section class=\"elementor-section elementor-top-section elementor-element elementor-element-56a92c1 elementor-section-boxed elementor-section-height-default elementor-section-height-default\" data-id=\"56a92c1\" data-element_type=\"section\">\n\t\t\t\t\t\t<div class=\"elementor-container elementor-column-gap-default\">\n\t\t\t\t\t<div class=\"elementor-column elementor-col-100 elementor-top-column elementor-element elementor-element-bddb4c3\" data-id=\"bddb4c3\" data-element_type=\"column\">\n\t\t\t<div class=\"elementor-widget-wrap elementor-element-populated\">\n\t\t\t\t\t\t<div class=\"elementor-element elementor-element-572e405 elementor-widget elementor-widget-spacer\" data-id=\"572e405\" data-element_type=\"widget\" data-widget_type=\"spacer.default\">\n\t\t\t\t<div class=\"elementor-widget-container\">\n\t\t\t\t\t<div class=\"elementor-spacer\">\n\t\t\t<div class=\"elementor-spacer-inner\"><\/div>\n\t\t<\/div>\n\t\t\t\t<\/div>\n\t\t\t\t<\/div>\n\t\t\t\t<div class=\"elementor-element elementor-element-86843bb elementor-widget elementor-widget-heading\" data-id=\"86843bb\" data-element_type=\"widget\" data-widget_type=\"heading.default\">\n\t\t\t\t<div class=\"elementor-widget-container\">\n\t\t\t<h2 class=\"elementor-heading-title elementor-size-default\"><span style=\"margin: 0px 0px 30px; padding: 0px; font-size: var(--h3fontsize); font-weight: var(--h3fontweight); font-family: Roboto, sans-serif; line-height: var(--h3lineheight); white-space: normal;\">Nos mAT\u00c9RIAUX VITICOLES<\/span><\/h2>\t\t<\/div>\n\t\t\t\t<\/div>\n\t\t\t\t<div class=\"elementor-element elementor-element-d278d65 elementor-widget elementor-widget-text-editor\" data-id=\"d278d65\" data-element_type=\"widget\" data-widget_type=\"text-editor.default\">\n\t\t\t\t<div class=\"elementor-widget-container\">\n\t\t\t<style>\/*! elementor - v3.23.0 - 05-08-2024 *\/\n.elementor-widget-text-editor.elementor-drop-cap-view-stacked .elementor-drop-cap{background-color:#69727d;color:#fff}.elementor-widget-text-editor.elementor-drop-cap-view-framed .elementor-drop-cap{color:#69727d;border:3px solid;background-color:transparent}.elementor-widget-text-editor:not(.elementor-drop-cap-view-default) .elementor-drop-cap{margin-top:8px}.elementor-widget-text-editor:not(.elementor-drop-cap-view-default) .elementor-drop-cap-letter{width:1em;height:1em}.elementor-widget-text-editor .elementor-drop-cap{float:left;text-align:center;line-height:1;font-size:50px}.elementor-widget-text-editor .elementor-drop-cap-letter{display:inline-block}<\/style>\t\t\t\t<p>Chez <strong>Farmer Avenue<\/strong>, nous proposons une gamme d&#8217;outils sp\u00e9cialement con\u00e7us pour r\u00e9pondre aux besoins des viticulteurs. Nos solutions permettent un entretien optimal de vos vignobles tout en respectant les sp\u00e9cificit\u00e9s des sols et des rangs de vigne.<br \/><br \/><strong>Travail du sol \u00e0 dents<br \/><\/strong>Les outils \u00e0 dents sont id\u00e9aux pour un travail pr\u00e9cis et respectueux des sols viticoles. Gr\u00e2ce \u00e0 leurs dents robustes, ces \u00e9quipements permettent de d\u00e9compacter le sol, d\u2019a\u00e9rer la surface et de faciliter l\u2019infiltration de l\u2019eau. Ils sont parfaits pour \u00e9liminer les adventices tout en maintenant une structure saine du sol, m\u00eame sur des terrains difficiles.<br \/><br \/><strong>Travail du sol \u00e0 disques<br \/><\/strong>Les outils \u00e0 disques sont particuli\u00e8rement adapt\u00e9s pour le travail des sols en conditions de forte pr\u00e9sence de r\u00e9sidus. Leurs disques inclin\u00e9s et tranchants assurent un m\u00e9lange efficace de la couche sup\u00e9rieure du sol, permettant une incorporation homog\u00e8ne des mati\u00e8res organiques. Ces \u00e9quipements sont indispensables pour entretenir vos vignes tout en favorisant un \u00e9cosyst\u00e8me sain.<br \/><br \/><strong>Outils anim\u00e9s<br \/><\/strong>Les outils anim\u00e9s apportent une solution moderne et polyvalente aux travaux viticoles. Motoris\u00e9s et performants, ils sont con\u00e7us pour des t\u00e2ches sp\u00e9cifiques comme le d\u00e9sherbage m\u00e9canique, le buttage ou l\u2019entretien des inter-rangs. Leur pr\u00e9cision et leur capacit\u00e9 d\u2019adaptation en font des alli\u00e9s incontournables pour optimiser vos rendements tout en pr\u00e9servant vos sols.<\/p>\t\t\t\t\t\t<\/div>\n\t\t\t\t<\/div>\n\t\t\t\t\t<\/div>\n\t\t<\/div>\n\t\t\t\t\t<\/div>\n\t\t<\/section>\n\t\t\t\t<\/div>\n\t\t","protected":false},"excerpt":{"rendered":"<p>MAT\u00c9RIEL VITICOLE Nos mAT\u00c9RIAUX VITICOLES Chez Farmer Avenue, nous proposons une gamme d&#8217;outils sp\u00e9cialement con\u00e7us pour r\u00e9pondre aux besoins des viticulteurs. Nos solutions permettent un entretien optimal de vos vignobles tout en respectant les sp\u00e9cificit\u00e9s des sols et des rangs de vigne. Travail du sol \u00e0 dentsLes outils \u00e0 dents sont id\u00e9aux pour un travail&hellip;&nbsp;<a href=\"https:\/\/farmer-avenue.com\/?page_id=31\" class=\"\" rel=\"bookmark\">Read More &raquo;<span class=\"screen-reader-text\">MAT\u00c9RIEL VITICOLE<\/span><\/a><\/p>\n","protected":false},"author":1,"featured_media":0,"parent":0,"menu_order":0,"comment_status":"closed","ping_status":"closed","template":"page-templates\/template-pagebuilder-full-width.php","meta":{"neve_meta_sidebar":"","neve_meta_container":"","neve_meta_enable_content_width":"","neve_meta_content_width":0,"neve_meta_title_alignment":"","neve_meta_author_avatar":"","neve_post_elements_order":"","neve_meta_disable_header":"","neve_meta_disable_footer":"","neve_meta_disable_title":""},"_links":{"self":[{"href":"https:\/\/farmer-avenue.com\/index.php?rest_route=\/wp\/v2\/pages\/31"}],"collection":[{"href":"https:\/\/farmer-avenue.com\/index.php?rest_route=\/wp\/v2\/pages"}],"about":[{"href":"https:\/\/farmer-avenue.com\/index.php?rest_route=\/wp\/v2\/types\/page"}],"author":[{"embeddable":true,"href":"https:\/\/farmer-avenue.com\/index.php?rest_route=\/wp\/v2\/users\/1"}],"replies":[{"embeddable":true,"href":"https:\/\/farmer-avenue.com\/index.php?rest_route=%2Fwp%2Fv2%2Fcomments&post=31"}],"version-history":[{"count":12,"href":"https:\/\/farmer-avenue.com\/index.php?rest_route=\/wp\/v2\/pages\/31\/revisions"}],"predecessor-version":[{"id":352,"href":"https:\/\/farmer-avenue.com\/index.php?rest_route=\/wp\/v2\/pages\/31\/revisions\/352"}],"wp:attachment":[{"href":"https:\/\/farmer-avenue.com\/index.php?rest_route=%2Fwp%2Fv2%2Fmedia&parent=31"}],"curies":[{"name":"wp","href":"https:\/\/api.w.org\/{rel}","templated":true}]}}